, -2*x + 3*l + 22 + 83 = 0. Let j = -13 + 18. What is the greatest common divisor of x and j?
5
Suppose 5*g = -5*f + 43 - 13, f + 2 = 3*g. Suppose -v = -g*v. Suppose t - 5 = v, 38 = 4*k - 2*t - 0. What is the greatest common factor of k and 84?
12
Let g = 14 + -6. Calculate the highest common divisor of g and 64.
8
Suppose 4*b = -3*l + 69, 5*b + 174 - 51 = 4*l. Let j(r) = -r**2 + 8*r - 9. Let a be j(6). Calculate the greatest common factor of a and l.
3
Suppose 0 = -2*i + 2 + 8. Suppose -7 = -4*g + i. Calculate the highest common factor of g and 24.
3
Let h = 56 + -45. Calculate the greatest common divisor of 1 and h.
1
Suppose -j + 2*x + 2 = 0, -1 = -5*x + 4*x. Suppose j*h - 4 = 4. Suppose 0*k - h = -2*k. Calculate the highest common divisor of k and 11.
1
Let v(c) = 2*c**3 + c**2 - 2*c + 2. Let u be v(2). Let a be 0/2 + 1 - -3. Let t be (4 - -2)/(a/6). What is the highest common divisor of u and t?
9
Let z = -14 + 26. Let o(x) = -x**2 + 5*x + 10. Let h be o(7). Let w(s) = -22*s - 4. Let v be w(h). Calculate the highest common divisor of z and v.
12
Let s(o) = -o**2 + 4*o - 2. Let c(j) = -j**2 + 3*j - 3. Let m(d) = -6*c(d) + 7*s(d). Let i be m(8). What is the highest common factor of i and 20?
20
Let i = -11 - -8. Let q be i/6 + (-18)/(-4). What is the greatest common divisor of q and 12?
4
Let y = -1 + 3. Suppose -2*a - d + 16 = 2*a, -3*a = d - 13. Suppose -5 = -4*o + a. Calculate the highest common divisor of y and o.
2
Let g(a) = -a + 27. Let b be g(-9). Calculate the highest common divisor of 24 and b.
12
Suppose 4*f - 112 = 4*q, 4*f + 2*q - 26 = 110. What is the highest common factor of 16 and f?
16
Let n(z) = -72*z**3 - z**2 + 1. Let y be ((-4)/(-1))/(-4)*1. Let v be n(y). Calculate the highest common factor of v and 9.
9
Suppose 0 = p - 10 - 5. What is the highest common divisor of p and 60?
15
Let h(w) = 2*w + 3. Let f be h(-2). Let c be -3 - (12 + -3)*f. Calculate the highest common divisor of c and 2.
2
Suppose 3*h - 19 - 14 = -3*d, -3*h + 4*d = -19. Calculate the highest common factor of 63 and h.
9
Suppose 2*l - 11 = 1. What is the greatest common factor of 6 and l?
6
Let m be ((-90)/8 - -3)*-8. Suppose -2*i = i - 18. Calculate the greatest common divisor of m and i.
6
Let k(t) = t**2 - 4*t + 6. Let o be k(6). Calculate the highest common divisor of 18 and o.
18
Let h be 6 - (7 - (-4 - -7))/(-1). Let j = 85 - 55. What is the highest common divisor of j and h?
10
Let f = -136 + 150. Calculate the highest common divisor of 35 and f.
7
Suppose -4*u + 3*i - 4 = 0, 0 = 2*u + 8*i - 3*i - 24. Let h = 4 - 3. Let s be ((-1)/(-2))/(h/24). What is the greatest common divisor of u and s?
2
Let b(s) = s + 1. Let j be b(3). Let a(k) = k - 2. Let g be a(j). Suppose -3 = -g*u + u. Calculate the highest common factor of u and 21.
3
Suppose 0 = -8*r + 111 - 31. What is the highest common divisor of 4 and r?
2
Let v be (-44)/6 + (-1)/(-3). Let j = v + 1. Let c be (-2)/j + 238/6. What is the greatest common factor of 5 and c?
5
Let n(i) = -i**3 - 5*i**2 + 5*i + 4. Let q be n(-5). Let f be (q/2)/(3/6). Let p = f + 33. What is the highest common factor of p and 48?
12
Let f = 1 - -47. Let c = 20 - 32. Let t = 18 + c. What is the greatest common factor of t and f?
6
Suppose -3*a - 82 + 901 = 0. Suppose a = 5*p - 2*p. Let h = p - -52. Calculate the greatest common factor of h and 13.
13
Suppose 0*u = 2*b - 3*u - 652, -4*b + 1296 = -4*u. Let w = 70 - 38. Calculate the highest common factor of w and b.
32
Let r be (-114)/4*4/(-6). Let q(h) = -7*h**3 - 5*h**2 - 5*h - 7. Let x be q(-3). What is the highest common divisor of r and x?
19
Suppose 3*p - 1 = -4*g - 0*g, 0 = -4*g + p + 5. Let f be (-4 + -4)*g/(-2). What is the greatest common divisor of f and 8?
4
Let s be (30/(-50))/((-2)/10). Let l(a) = -2*a - 7. Let z be l(-5). Suppose -2*n - 7 = u - 21, -3*u + z*n = -6. What is the highest common factor of u and s?
3
Let r(k) = -2*k + 4. Let w be r(-14). Calculate the highest common factor of w and 8.
8
Suppose 0 = -i - 3*s + 40, -4*i + 9*s - 4*s = -177. Let k = i - 22. Calculate the highest common factor of k and 63.
21
Let b(t) = t**2 + t + 1. Let m(q) = -5*q**2 - 5*q + 3. Let y(z) = 6*b(z) + m(z). Let n be y(-11). Calculate the highest common factor of 17 and n.
17
Let a be 3*5 + 2/(-1). Suppose o + 5*s - 93 = 0, 3*o - 3*s = -s + 228. Calculate the greatest common divisor of a and o.
13
Let d = 48 - 31. What is the highest common factor of 187 and d?
17
Suppose -13*x - 52 = -9*x. Let z = x + 27. Calculate the highest common factor of z and 154.
14
Suppose -4*a + 160 = -m + 5*m, -125 = -3*m - 2*a. What is the highest common divisor of m and 75?
15
Let d be 2/5*(30 + 0). What is the highest common factor of 3 and d?
3
Let k be (0 + (-9)/2)*112/(-6). What is the greatest common factor of k and 21?
21
Let j be ((-220)/(-66))/(1/12). Calculate the greatest common divisor of j and 8.
8
Let w(o) = -o**3 + 10*o**2 + 13*o - 15. Let c be w(11). Suppose -18 = 5*j - c*j. What is the greatest common factor of j and 9?
9
Suppose -3*y = -5*o + 42, 0 = -y + 4*y - 3. Calculate the highest common factor of 72 and o.
9
Let a(f) = -f**3 + 10*f**2 + 7*f + 14. Let k be a(10). Let g = -58 + k. Calculate the greatest common divisor of 13 and g.
13
Let l(d) = 3*d**2. Let v be l(-2). Calculate the highest common divisor of v and 84.
12
Let q = 5 - 1. Let i = q - -1. Suppose i*y = 4 + 31. What is the greatest common divisor of 70 and y?
7
Suppose 0*b + y = 3*b + 22, 4*b - 3*y + 36 = 0. Let g be (b + 9)*176/6. What is the highest common factor of 11 and g?
11
Suppose 5*i - 24 = -7*i. What is the highest common factor of i and 2?
2
Let c(i) = i**3 - 13*i**2 - 14*i + 16. Let x be c(14). Calculate the highest common divisor of 1 and x.
1
Suppose 7*w - 4*w = 108. Suppose 3*y = 6*y - 27. Calculate the greatest common divisor of y and w.
9
Let g be (-4)/(-5)*(-8 - -3). Let a be g + 4 + 3 + 0. What is the highest common divisor of a and 21?
3
Let r = 1 + -1. Suppose -v + 21 - 3 = r. Calculate the highest common factor of v and 72.
18
Let u(l) = -2*l + 2. Let n be u(-7). Let q be (2/5)/(2/40). Let c be (1 + -1 + 2)*q. Calculate the greatest common divisor of c and n.
16
Let l(o) = 19*o + 7. Let g be l(7). Let h(w) = w**2 - 7*w - 10. Let s be h(10). Calculate the greatest common factor of g and s.
20
Let k(a) = 14*a**2 - 4*a + 7. Let d be k(3). Let v = 0 - -2. Let n be -1*(v + 9)*-1. What is the greatest common divisor of d and n?
11
Let x be 31 - ((-4)/10)/((-13)/(-65)). What is the highest common divisor of x and 33?
33
Let g(a) = -3*a - 11. Let o be g(-5). Let k(l) = 5*l**3 - 6*l**2 + 2*l - 1. Let w be k(o). Calculate the greatest common divisor of w and 21.
21
Let v(p) = -p**3 + 12*p**2 + 3*p - 12. Let m be (9 + -1)*(-6)/(-4). Let d be v(m). What is the greatest common factor of 8 and d?
8
Let d be 23 + (6 + 1 - 6). Calculate the greatest common divisor of 84 and d.
12
Suppose -3*t = 4*r - 260 - 264, -2*t = -5*r - 311. Let q be ((-2)/(-4))/(2/84). Calculate the highest common divisor of t and q.
21
Suppose -2*w + 5*r + 48 = -0*w, 2*r = 4*w - 64. Suppose 0 = 6*n - 2*n - 280. Calculate the greatest common divisor of w and n.
14
Let x be (12 + 1)*(0 - -4). Let k = -5 - -8. Let a be 12/k*(-13)/(-4). What is the greatest common divisor of a and x?
13
Suppose j - 5 + 3 = 0. Let r = -3 - -4. Calculate the greatest common factor of r and j.
1
Suppose 5*h - 7*h - 22 = 0. Let b = 0 - h. Calculate the greatest common factor of b and 11.
11
Let g = 15 - 8. Calculate the highest common divisor of g and 56.
7
Let w be 2 - 9/(9/(-4)). What is the highest common divisor of w and 12?
6
Let z(s) = 3*s - 17. Let x be z(6). What is the greatest common divisor of x and 1?
1
Let f = 160 - 114. Calculate the highest common factor of f and 23.
23
Let z be 7*(-15)/140*-8. Let y(o) = o**3 - 3*o - 4. Suppose 5*t + 10 = 30. Let k be y(t). What is the greatest common divisor of z and k?
6
Let n = -22 + 29. Calculate the greatest common divisor of n and 7.
7
Let u = 185 + -160. What is the highest common factor of u and 200?
25
Let a(t) = 7*t + 43. Let w be a(-5). Calculate the greatest common factor of 152 and w.
8
Let d(i) = -i**2 - 13*i - 11. Let b = 9 - 18. Let h be d(b). Let y = h + -9. What is the greatest c